190745 a prime number?
False
Is 137179 a prime number?
False
Is 110527 a prime number?
True
Is 1223 a composite number?
False
Is 66911 prime?
False
Is 2638 a composite number?
True
Is 138889 a prime number?
True
Is 16085 a prime number?
False
Is 2762 composite?
True
Is 862 a prime number?
False
Is 14359 a prime number?
False
Is 69655 a prime number?
False
Is 5669 a composite number?
False
Is 6803 a prime number?
True
Is 199271 composite?
True
Is 829013 a prime number?
True
Is 789 a composite number?
True
Is 8705 composite?
True
Is 29474 a prime number?
False
Is 6801 prime?
False
Is 12757 a prime number?
True
Is 4481 composite?
False
Is 288737 prime?
False
Is 19243 prime?
False
Is 21233 prime?
False
Is 877 a prime number?
True
Is 42235 a composite number?
True
Is 12601 a composite number?
False
Is 6865 a prime number?
False
Is 10061 a prime number?
True
Is 129937 prime?
True
Is 20523 a composite number?
True
Is 17855 prime?
False
Is 961487 a prime number?
True
Is 36037 a composite number?
False
Is 1111 composite?
True
Is 16999 prime?
False
Is 308901 prime?
False
Is 164173 composite?
False
Is 1109327 prime?
True
Is 89143 a prime number?
False
Is 34319 a composite number?
False
Is 198601 prime?
False
Is 37537 a composite number?
False
Is 5327 a composite number?
True
Is 27327 a composite number?
True
Is 5941 composite?
True
Is 1226401 a prime number?
False
Is 256301 a composite number?
False
Is 263217 a composite number?
True
Is 7627 prime?
False
Is 275267 a prime number?
False
Is 1342687 a composite number?
True
Is 157817 a prime number?
False
Is 272879 a composite number?
False
Is 56767 composite?
False
Is 23383 prime?
False
Is 29663 a prime number?
True
Is 1397 composite?
True
Is 1364983 a prime number?
False
Is 93697 composite?
True
Is 1207 a prime number?
False
Is 21309 prime?
False
Is 24749 a composite number?
False
Is 187603 prime?
False
Is 69371 composite?
False
Is 7331 prime?
True
Is 2605 composite?
True
Is 1269953 a composite number?
False
Is 337733 composite?
True
Is 41009 a prime number?
False
Is 11599 a composite number?
True
Is 126695 prime?
False
Is 3793 a composite number?
False
Is 8791 a composite number?
True
Is 12761 prime?
False
Is 1337 a composite number?
True
Is 348239 a prime number?
True
Is 13811 a prime number?
False
Is 49501 a prime number?
False
Is 44461 prime?
False
Is 1643 prime?
False
Is 324713 a prime number?
False
Is 54647 a composite number?
False
Is 277157 a composite number?
False
Is 5149082 prime?
False
Is 3979 composite?
True
Is 7619 prime?
False
Is 990137 a composite number?
False
Is 426601 prime?
False
Is 100267 composite?
False
Is 365071 prime?
False
Is 261557 a composite number?
False
Is 5189 a composite number?
False
Is 397673 a composite number?
False
Is 192422 a prime number?
False
Is 90587 a composite number?
True
Is 11597 composite?
False
Is 23357 a composite number?
False
Is 1959 prime?
False
Is 3412777 a prime number?
True
Is 22511 a prime number?
True
Is 167711 a composite number?
False
Is 95239 a prime number?
True
Is 1850647 a prime number?
False
Is 851717 a prime number?
False
Is 177677 composite?
False
Is 1679 a composite number?
True
Is 12353 a composite number?
True
Is 216599 prime?
False
Is 24749 a composite number?
False
Is 87473 a composite number?
False
Is 302999 composite?
False
Is 1391 a prime number?
False
Is 189637 a prime number?
False
Is 2503 a composite number?
False
Is 1839291 a composite number?
True
Is 110807 composite?
False
Is 30449 a composite number?
False
Is 171151 a composite number?
True
Is 467 prime?
True
Is 66841 a composite number?
False
Is 37951 a composite number?
False
Is 5953 composite?
False
Is 40949 a prime number?
True
Is 47654 a prime number?
False
Is 97421 composite?
True
Is 5585 composite?
True
Is 6887 prime?
False
Is 2777 composite?
False
Is 1033597 a composite number?
True
Is 1273087 a prime number?
True
Is 1252453 prime?
False
Is 58787 composite?
False
Is 3833 composite?
False
Is 9491 composite?
False
Is 88211 prime?
True
Is 37679 composite?
True
Is 30511 a composite number?
True
Is 3941 a composite number?
True
Is 139 composite?
False
Is 109427 a composite number?
True
Is 314927 prime?
True
Is 422401 a prime number?
False
Is 456023 a prime number?
True
Is 1997617 composite?
False
Is 1073299 a prime number?
False
Is 52477 composite?
True
Is 15721 composite?
True
Is 23015 a composite number?
True
Is 41095 prime?
False
Is 413443 prime?
True
Is 7993 composite?
False
Is 8285 a composite number?
True
Is 16357 prime?
False
Is 284979 composite?
True
Is 2903 a composite number?
False
Is 4133993 prime?
False
Is 92581 composite?
False
Is 6761 a composite number?
False
Is 124233 composite?
True
Is 91079 a composite number?
False
Is 13217 a prime number?
True
Is 111803 composite?
True
Is 128543 a composite number?
True
Is 4955 a prime number?
False
Is 1031879 a prime number?
False
Is 28111 a composite number?
False
Is 4885 a prime number?
False
Is 12319 a composite number?
True
Is 160727 a composite number?
True
Is 237997 prime?
True
Is 443857 a prime number?
False
Is 9029 composite?
False
Is 10561 prime?
False
Is 1510013 a prime number?
True
Is 14107 composite?
False
Is 10061 a prime number?
True
Is 28097 a prime number?
True
Is 30059 composite?
False
Is 5367 prime?
False
Is 9349 composite?
False
Is 6737 a prime number?
True
Is 175849 composite?
True
Is 673 composite?
False
Is 2179 a composite number?
False
Is 683251 prime?
True
Is 467111 a prime number?
False
Is 69869 a prime number?
False
Is 72139 prime?
True
Is 1329233 prime?
True
Is 11467 a composite number?
False
Is 16871 composite?
False
Is 1337 a composite number?
True
Is 447 composite?
True
Is 1949 composite?
False
Is 154345 composite?
True
Is 426367 a composite number?
True
Is 12149 composite?
False
Is 405437 a composite number?
False
Is 370013 composite?
True
Is 115681 a prime number?
False
Is 513593 a prime number?
True
Is 9469 composite?
True
Is 159801 a composite number?
True
Is 27427 a prime number?
True
Is 337721 a composite number?
False
Is 15479 a prime number?
False
Is 1267141 prime?
False
Is 49771 prime?
False
Is 542629 prime?
False
Is 6971 prime?
True
Is 29173 prime?
True
Is 3989 a composite number?
False
Is 995099 prime?
False
Is 19729 a composite number?
True
Is 941 composite?
False
Is 55243 a composite number?
False
Is 157349 a prime number?
True
Is 866521 composite?
True
Is 268721 a prime number?
True
Is 80689 a composite number?
True
Is 214849 composite?
False
Is 624229 a prime number?
True
Is 239771 a composite number?
True
Is 54053 a prime number?
False
Is 61033 prime?
False
Is 6637 a prime number?
True
Is 53443 prime?
False
Is 50062 a prime number?
False
Is 143779 composite?
False
Is 509 composite?
False
Is 34693 a composite number?
False
Is 281317 prime?
True
Is 222679 prime?
True
Is 841783 a prime number?
False
Is 168067 composite?
False
Is 35051 prime?
True
Is 659899 composite?
False
Is 3641 composite?
True
Is 1309639 a composite number?
False
Is 333937 prime?
False
Is 2433 a composite number?
True
Is 1255 a composite number?
True
Is 240287 a composite number?
False
Is 1361 a composite number?
False
Is 10973 a composite number?
False
Is 67037 prime?
False
Is 30631 prime?
True
Is 15073 prime?
True
Is 35138 composite?
True
Is 756599 a prime number?
False
Is 5255 composite?
True
Is 11777 composite?
False
Is 869651 a prime number?
False
Is 67573 a prime number?
False
Is 1824261 composite?
True
Is 2761 a prime number?
False
Is 295622 composite?
True
Is 4661 a prime number?
False
Is 557 a prime number?
True
Is 391583 composite?
True
Is 20681 composite?
False
Is 10061 composite?
False
Is 37667 composite?
True
Is 5226619 prime?
True
Is 82631 composite?
True
Is 253499 composite?
True
Is 13453 composite?
True
Is 125329 a prime number?
True
Is 470257 a prime number?
False
Is 68613 prime?
False
Is 266113 a prime number?
False
Is 20681 a prime number?
True
Is 179779 a composite number?
False
Is 6127 composite?
True
Is 41053 a prime number?
False
Is 2285059 a prime number?
False
Is 1079 a composite number?
True
Is 74209 composite?
False
Is 941 prime?
True
Is 14281 composite?
False
Is 81919 a composite number?
False
Is 416129 a prime number?
False
Is 6065 composite?
True
Is 29395 a composite numb